7600. What is b(4)?
-3808
Let s(y) = y**3 - 248*y**2 + 481*y + 2656. What is s(246)?
-50
Let f(m) = -6224*m + 80956. Calculate f(13).
44
Let v(w) = 465*w - 165776. Determine v(356).
-236
Let p(g) = g**3 + 15*g**2 - 74*g - 527. Determine p(-15).
583
Let h(x) = 6*x**3 + 80*x**2 - 259*x - 158. Determine h(-16).
-110
Let v(s) = -7*s**3 + 379*s**2 - 75*s + 1141. Give v(54).
7
Let k(u) = 17*u**3 + 8015*u**2 + 3765*u - 1403. Give k(-471).
10
Let n(w) = 2*w**2 + 267*w + 6723. Determine n(-29).
662
Let j(b) = -305*b**2 - 5486*b + 65. Give j(-18).
-7
Let s(t) = 513*t**2 + 188788*t + 1430. Calculate s(-368).
-42
Let b(g) = 55867*g - 1508354. Calculate b(27).
55
Let h(u) = -u**3 + 97*u**2 + 6*u - 71. Determine h(97).
511
Let c(m) = -1767*m**2 + 171390*m + 865. Determine c(97).
-8
Let a(m) = -5558*m + 177870. Determine a(32).
14
Let n(o) = -2*o**2 + 44*o - 767. Give n(24).
-863
Let j(i) = -26*i**3 - 171*i**2 + 2*i - 18. Determine j(-6).
-570
Let t(k) = 144*k - 6602. Calculate t(38).
-1130
Let u(l) = -6*l**2 + 61*l + 503. Give u(25).
-1722
Let v(r) = -502*r**2 + 3000*r + 67. What is v(6)?
-5
Let d(t) = -877246*t + 6140661. Give d(7).
-61
Let b(j) = 18*j**3 - 346*j**2 + 131*j - 1048. Give b(19).
-3
Let v(t) = t**2 + 106*t + 2297. Give v(-30).
17
Let s(v) = 3626*v + 170520. Give s(-47).
98
Let s(m) = -33*m**3 + 1362*m**2 - 365*m - 195. Determine s(41).
-31
Let f(t) = -2*t**2 - 2219*t + 13289. Determine f(6).
-97
Let y(r) = 169087*r - 338164. Give y(2).
10
Let v(f) = -f**3 + 56*f**2 + 440*f - 29596. Calculate v(54).
-4
Let a(p) = 578268*p + 578258. Determine a(-1).
-10
Let b(p) = 208*p**2 - 549*p + 1599. Determine b(3).
1824
Let v(w) = 66*w**2 - 814*w - 23. What is v(12)?
-287
Let n(a) = -a**2 - 3014*a + 1192712. What is n(354)?
440
Let i(j) = 6*j**3 - 41*j**2 - 562*j + 8. Determine i(0).
8
Let h(g) = -3*g**3 + 170*g - 3. What is h(0)?
-3
Let t(b) = -2*b**2 - 61*b + 339. What is t(-32)?
243
Let d(u) = 2057*u + 10076. Calculate d(-4).
1848
Let s(n) = -23*n**2 - 3861*n + 515. Determine s(-168).
11
Let x(r) = 3*r**2 - 543*r + 24254. What is x(80)?
14
Let n(s) = s**3 - 23*s**2 - 212*s - 1084. What is n(31)?
32
Let y(h) = 6*h**3 + 38*h**2 + 39*h - 1. Calculate y(-8).
-953
Let f(z) = z**3 + 180*z**2 + 68*z - 20015. Give f(-179).
-146
Let g(w) = w**3 - 49*w**2 + 186*w + 3665. Determine g(13).
-1
Let b(r) = -r**3 - 2055*r**2 - 7*r - 14384. Give b(-2055).
1
Let y(m) = -4490*m - 34777. Calculate y(-8).
1143
Let d(t) = 1899*t + 347468. Calculate d(-183).
-49
Let g(t) = 4*t**2 + 63*t + 50. Determine g(-15).
5
Let u(j) = 7*j**2 + 11503*j - 23021. Calculate u(2).
13
Let i(h) = 2*h**3 + 19*h**2 - 143*h - 189. What is i(7)?
427
Let t(r) = r**2 - 346*r + 15679. Calculate t(55).
-326
Let q(o) = 157*o**2 + 7366*o - 24214. What is q(-50)?
-14
Let v(f) = 124*f - 8020. Calculate v(70).
660
Let i(p) = -9*p**2 - 574*p + 1077. What is i(-66)?
-243
Let u(l) = -64769*l + 2202151. What is u(34)?
5
Let o(u) = -2*u**2 + 58*u - 834. Determine o(40).
-1714
Let r(p) = 3444*p - 58320. Calculate r(17).
228
Let w(c) = -c**2 + 160*c - 904. What is w(0)?
-904
Let x(f) = 23940*f + 263315. Calculate x(-11).
-25
Let i(j) = -16852*j - 134813. Determine i(-8).
3
Let d(m) = 5*m**3 + 25*m**2 - 330*m + 24. Give d(-11).
24
Let w(u) = 2*u**3 + 86*u**2 - 20*u - 304. What is w(-43)?
556
Let x(c) = -12085*c - 108619. What is x(-9)?
146
Let u(k) = -k**3 + 66*k**2 - 972*k - 271. What is u(23)?
120
Let d(i) = -i**3 + 466*i**2 - 26379*i - 1373. Give d(66).
13
Let t(i) = 19*i**2 + 2322*i + 29156. Determine t(-108).
-4
Let b(q) = -q**3 - 10*q**2 + 161*q - 225. Determine b(-12).
-1869
Let t(m) = 5*m**3 - 44*m**2 - 67*m + 554. Determine t(7).
-356
Let n(k) = -2*k**2 + 378*k - 14741. Determine n(55).
-1
Let b(m) = -3*m**2 - 1719*m - 133875. What is b(-93)?
45
Let f(r) = -599297*r + 5. Calculate f(0).
5
Let y(w) = -2*w**3 + 416*w**2 - 8199*w + 2747. Determine y(186).
-43
Let x(p) = -2*p**3 - 39*p**2 + 150*p + 792. Give x(-22).
-88
Let s(f) = f**3 - 71*f**2 + 142*f + 15. What is s(69)?
291
Let v(c) = 11*c**2 + 93*c - 410. Give v(4).
138
Let u(i) = 19*i**3 + 165*i**2 - 321*i - 26. Calculate u(2).
144
Let m(n) = 8757*n - 9904159. Give m(1131).
8
Let n(d) = 2*d**2 + 97*d - 7370. Calculate n(41).
-31
Let l(d) = -61868*d - 433190. Give l(-7).
-114
Let u(m) = -71*m**2 + 118*m - 64. Determine u(3).
-349
Let v(a) = a**2 + 8682*a + 1919282. What is v(-227)?
-3
Let y(d) = -d**3 + 42*d**2 + 122*d + 243. Determine y(45).
-342
Let c(k) = 2*k**3 - 22*k**2 - 41*k + 776. Determine c(10).
166
Let p(k) = k**2 + 42*k - 2832. Calculate p(-89).
1351
Let k(v) = -5*v**2 - 1066*v + 6430. Determine k(6).
-146
Let g(k) = 2*k**2 + 133*k - 1991. Give g(-83).
748
Let c(j) = 5*j**3 + 25*j**2 - 78*j + 17. What is c(-7)?
73
Let n(d) = -81647*d - 1388001. Give n(-17).
-2
Let a(u) = 3448*u + 48276. Calculate a(-14).
4
Let a(d) = d**3 + 223*d**2 + 215*d + 74. What is a(-222)?
1628
Let q(r) = -2*r**2 - 57*r + 30. Determine q(-36).
-510
Let i(r) = 10*r**3 + 159*r**2 + 48*r + 85. Give i(-15).
1390
Let p(o) = -o**3 - 35*o**2 + 24*o - 349. What is p(-38)?
3071
Let r(s) = 1282*s - 148721. Determine r(116).
-9
Let c(p) = -23257*p + 232574. What is c(10)?
4
Let m(r) = -1561*r + 202929. Calculate m(130).
-1
Let l(q) = -3*q**2 - 213*q - 3399. Determine l(-24).
-15
Let w(u) = -7756*u - 1659830. Determine w(-214).
-46
Let f(p) = 187*p**2 + 22440*p - 76. What is f(-120)?
-76
Let a(w) = -w**3 + 129*w**2 - 3947*w - 1598. Calculate a(51).
-17
Let c(d) = 10841751*d + 21683496. What is c(-2)?
-6
Let k(f) = -32768*f - 117. Give k(0).
-117
Let q(f) = -2903*f - 574687. Give q(-198).
107
Let t(j) = 2*j**2 - 196*j + 4124. Give t(29).
122
Let v(d) = d**3 - 5*d**2 + 38*d - 101. Calculate v(8).
395
Let c(y) = -3*y**3 + 356*y**2 - 4928*y + 260. Calculate c(16).
260
Let x(g) = 2*g**2 - 133*g + 696. Determine x(42).
-1362
Let t(k) = 4353*k - 37758. What is t(9)?
1419
Let w(h) = 6014*h**2 - 24043*h - 55. Determine w(4).
-3
Let c(p) = -38045*p - 38094. Calculate c(-1).
-49
Let c(d) = -99*d**2 - 658*d + 207. Calculate c(-7).
-38
Let x(u) = -514*u - 12839. Determine x(-25).
11
Let t(b) = 12*b**3 - 4*b**2 + 18*b - 16. What is t(1)?
10
Let n(x) = -16*x**2 - 123*x - 345. Calculate n(-5).
-130
Let n(f) = -2*f**3 - 164*f**2 + 1212*f + 232. Determine n(7).
-6
Let n(o) = -o**2 - 13*o + 3880. Give n(54).
262
Let s(m) = -23*m**2 + 951*m + 223. Give s(42).
-407
Let k(w) = -w**3 + 252*w**2 - 6270*w - 14. Give k(28).
42
Let p(m) = m**3 - 188*m**2 + 199*m - 2151. Determine p(187).
93
Let x(r) = -7703*r - 469871. What is x(-61)?
12
Let z(l) = 695*l - 27013. Determine z(39).
92
Let l(u) = -3100*u + 1627. Calculate l(1).
-1473
Let l(f) = f**2 - 227*f - 2808. What is l(-12)?
60
Let f(n) = -3*n**3 + 27*n**2 + 3*n - 29. Determine f(9).
-2
Let s(c) = 221*c**2 - 8678*c + 2302. Give s(39).
1
Let u(d) = -305*d**2 + 4570*d + 80. Calculate u(15).
5
Let q(i) = 12*i**2 + 1558*i - 14. Give q(0).
-14
Let j(d) = -178*d - 706. Determine j(-5).
184
Let h(w) = -3*w**3 + 200*w**2 - 186*w + 3557. What is h(66)?
-7
Let d(w) = -10*w**2 - 99*w - 280. What is d(-5)?
-35
Let j(w) = -59054*w - 59080. Calculate j(-1).
-26
Let t(m) = -2*m**3 + 22*m**2 - 24539*m + 245190. Determine t(10).
0
Let p(u) = -5*u**3 + 27*u**2 + 139*u - 367. Determine p(2).
-21
Let k(j) = -5*j**3 - 50*j**2 - 52*j + 28. What is k(-12)?
2092
Let x(q) = 4*q**2 + 27*q + 784. What is x(-24)?
2440
Let g(p) = -68*p**2 + 413*p + 18. What is g(6)?
48
Let y(q) = 71562*q - 357842. Determine y(5).
-32
Let m(h) = 40051*h + 560725. What is m(-14)?
11
Let q(s) = -55*s**2 + 4195*s - 8138. What is q(2)?
32
Let l(n) = 1141*n + 30188. Determine l(-29).
-2901
Let f(y) = -3*y**2 - 3*y + 420. What is f(-12)?
24
Let r(d) = -2*d**3 - 39*d**2 + 50*d + 26. What is r(-21)?
299
Let k(v) = 1050*v - 54566. What is k(52)?
34
Let j(d) = -199*d + 6909. Calculate j(36).
-255
Let o(f) = -2*f**3 - 111*f**2 - 29*f - 471. Give o(-55).
-1901
Let l(y) = 1721*y**3 - 36*y - 38. Determine l(-1).
-1723
Let u(l) = 3601*l + 223276. What is u(-62)?
14
Let i(t) = -6*t**3 + 324*t**2 + 307*t - 33121. Give i(53).
4
Let p(h) = -3*h**3 + 15*h**2 + 116*h - 571. Calculate p(4).
-59
Let u(x) = x**3 + 33*x**2 - 232*x - 45. Calculate u(6).
-33
Let d(j) = j**2 - 17998*j - 35984. What is d(-2)?
16
Let i(a) = 